r be (-38)/(-171) + ((-3560)/(-18) - 0). Calculate the greatest common divisor of r and 132.
66
Suppose 5*u + 2*v - 292 = 0, 4*u - 228 = -0*u - 3*v. Let o = -12 - -8. Let p be o/22 - (-167)/11. What is the greatest common factor of p and u?
15
Suppose 0 = 6*x - 2*x. Suppose t = -x + 11. Let z be 5 + -1 + (53 - (-12 + 3)). Calculate the greatest common divisor of t and z.
11
Let u = -244 - -259. What is the highest common divisor of u and 21?
3
Let t(z) = -z**3 - 8*z**2 - 7*z. Let l be t(-7). Let u be (8 + l)/(1 - (4 - 5)). Calculate the greatest common factor of 36 and u.
4
Let c = 380 + -339. What is the highest common factor of c and 1148?
41
Let j(y) = 4*y**3 - 9*y**2 + 19*y + 2. Let i be j(4). Calculate the highest common divisor of i and 266.
38
Suppose 0 = 16*n - 148 - 140. What is the greatest common factor of 189 and n?
9
Suppose -205*l - 645 = -200*l. Let x = l + 134. Suppose -240 = w - 6*w - 3*h, -145 = -3*w - 2*h. What is the highest common divisor of w and x?
5
Let z be (-6)/(-27) - 70/(-9). Let r(c) = -9*c - 19. Let n(b) = -1. Let y(j) = 3*n(j) - r(j). Let f be y(z). What is the greatest common factor of f and 8?
8
Let k(t) = 2*t - 11. Let g be k(10). What is the highest common factor of g and 9?
9
Suppose 16*b - 1397 = 667. Calculate the greatest common factor of b and 43.
43
Let h be (-7*(-1 - 0))/(-1). Let q(c) = c**3 + 0*c**3 + 4 - 9*c + 28*c**2 - 48*c**2 + 26*c**2. Let b be q(h). Calculate the greatest common factor of 36 and b.
18
Suppose 5*h = -5*u + 106 + 9, 2*u - 42 = -4*h. What is the greatest common divisor of u and 260?
5
Let y(x) = x**3 + 14*x**2 - 19*x + 22. Let j be y(-15). Calculate the highest common factor of j and 2.
2
Let q be (-4 - -1)/(24/(-368)). Let z(o) = -187*o**3 - 6*o**2 - 5*o - 2. Let d be z(-1). What is the highest common divisor of d and q?
46
Let z(t) = 18*t**2 + 4*t**2 - 1 - 6*t**2. Let b be z(1). Let q = b + -13. Calculate the highest common factor of q and 2.
2
Let d(g) = -g - 1. Let p(b) = b**3 - 13*b**2 + 12*b - 5. Let h be p(12). Let s be d(h). What is the highest common divisor of s and 20?
4
Suppose -4*h = -5*u + 550, u = -3*h + h + 110. Suppose -2*o - 36 = -w, 4*w - 2*o = u + 16. Calculate the highest common divisor of w and 10.
10
Let k(z) = 5*z + 9. Let c be k(11). Let t be c/12*3 - 1. Calculate the highest common divisor of 165 and t.
15
Suppose 10*g + 703 - 813 = 0. Calculate the highest common factor of g and 979.
11
Suppose -159*m - 21 + 136 = -44. Suppose -5*t = -15, 2*j + 2 - 24 = -4*t. Calculate the highest common factor of m and j.
1
Let d(z) = -z**2 - 7*z + 2. Let o be d(-4). Let i be 609/28 - 2/(-8). Let f = i + -8. Calculate the greatest common divisor of o and f.
14
Let g = 133 - 41. Let d be (207/g)/(6/16). Calculate the highest common factor of 54 and d.
6
Suppose 2*s = 5*i - 6927, -52*i + 56*i + s - 5552 = 0. Calculate the highest common divisor of i and 19.
19
Suppose 23*d = 331 + 37. Calculate the greatest common factor of 656 and d.
16
Suppose -4*h = -5 - 3. Suppose 0 = -q - q + 5*g, 0 = 3*q + h*g - 19. Let y = q - -17. Calculate the highest common factor of 22 and y.
22
Suppose 11*v + 7*v = 540. Calculate the highest common factor of v and 120.
30
Suppose -3*y + 430 = 190. What is the highest common factor of 10 and y?
10
Suppose 0 = 91*t - 100*t + 3690. What is the highest common divisor of 164 and t?
82
Let k be (-9 - -1)*169/(-4). Let f = 718 - k. What is the highest common divisor of 38 and f?
38
Let c be 32/208 - 1010/(-26). Suppose 2*v + 2*u - 5 + 1 = 0, -8 = -v + 5*u. Calculate the highest common factor of c and v.
3
Let v be 3/6 + 74/4. Let a(q) = -q + 2. Let x be a(-2). Let j = 175 - x. Calculate the highest common divisor of v and j.
19
Suppose 33*r + 110 = 38*r. What is the greatest common factor of 451 and r?
11
Suppose -71 = -3*o + 244. Let b = o + -63. Let y = -3 - -17. What is the greatest common factor of y and b?
14
Let o = 115 - -13. Calculate the greatest common factor of 224 and o.
32
Suppose 6*t - t - 375 = 0. Suppose g - 246 = -5*n, 258 = 5*n - g - g. What is the highest common divisor of n and t?
25
Let z = -463 + 468. What is the highest common factor of 1 and z?
1
Let o(q) = -5*q**2 - 26*q - 9. Let h be o(-4). What is the highest common divisor of 285 and h?
15
Let n(k) = -2*k**3 + 52*k**2 + 23*k - 69. Let p be n(26). What is the highest common divisor of 92 and p?
23
Suppose 5*i - 1325 = 2*v, i + 9*v = 5*v + 287. What is the greatest common factor of i and 3?
3
Let m be 36/3 - (-1 + 0). Calculate the highest common factor of m and 143.
13
Suppose 18*t = 15*t + 5*l + 3794, 0 = 5*t + 4*l - 6385. Calculate the highest common divisor of t and 19.
19
Suppose 2*q - 66 = -5*j, 4*q = -0*j + 4*j + 104. Let s = 130 + -133. Let y = s + q. What is the highest common factor of 25 and y?
25
Let r be 136/56 + (-20)/14 + 1. Let h be r/(195/(-66) - -3). Calculate the highest common divisor of h and 11.
11
Let x be 59 - (-4)/(-6)*6/(-4). Calculate the greatest common divisor of 48 and x.
12
Let b = -46 + 50. Suppose u + q + 4*q - 12 = 0, b*u = 2*q + 48. Let m be ((-3)/(-6))/((-1)/(-6)). Calculate the greatest common divisor of u and m.
3
Suppose p + 5*g + 41 = 0, p + 0*p + 3*g + 33 = 0. Let f = p + 16. Let b = f - -9. What is the greatest common factor of b and 16?
4
Let h = -44 - -172. Let k(f) be the third derivative of f**4/12 + f**3 - 24*f**2. Let r be k(5). Calculate the highest common factor of r and h.
16
Let u(n) = -26*n + 113. Let l be u(3). Calculate the greatest common divisor of 10 and l.
5
Let c = -36 + 40. Let a be (10/c)/(2/4). What is the highest common divisor of 40 and a?
5
Let d(r) = 9*r - 197. Let i be d(32). Let a(n) = n**3 + 6*n**2 - 7*n - 3. Let x be a(-6). Calculate the greatest common factor of x and i.
13
Let b be 1 + (-1 - (-108 + -2)). Suppose -3*l = -28 - 71. Suppose 0 = -5*y + 2*y + l. Calculate the highest common factor of y and b.
11
Let k = -203 - -347. What is the highest common divisor of k and 240?
48
Suppose 0 = 5*z - 2*s + 1005, -3*z + 3*s + 0*s = 603. Let r be 3/(-12) - z/4. Calculate the greatest common divisor of r and 10.
10
Suppose 3*w + 4*v - 4174 = 0, 87*w + 5524 = 91*w - 5*v. Calculate the greatest common divisor of 63 and w.
63
Let f(j) = -j**3 - 10*j**2 + j + 16. Let g be f(-10). Suppose -c = 6 - 36. What is the highest common factor of c and g?
6
Let r be 2 - (-2 - -141*1). Suppose -2*s = p + 647, 4*p - 6 = -2. Let m = r - s. Calculate the greatest common divisor of m and 17.
17
Let m = 479 + -469. What is the highest common factor of 50 and m?
10
Let c(h) = 3*h**2 + 40*h - 32. Let m be c(-16). Calculate the highest common divisor of 624 and m.
48
Let y be (-24)/(1 + -2) - (-9 - -7). What is the greatest common divisor of y and 18?
2
Suppose -2*d = 5*l - 97, -d - 3*d - 34 = -2*l. Let x = 244 - 168. Suppose -5*c + 4*c + x = 0. Calculate the greatest common factor of c and l.
19
Suppose 0 = 5*a - 3*j - 468, -a + 83 = 3*j - 25. Suppose 0 = -4*l + 3*d + a, -l - 4*d + 27 = 3. Calculate the highest common divisor of 36 and l.
12
Let d = 2106 + -1899. Calculate the greatest common divisor of 23 and d.
23
Let y be 4/26 - 275/13. Let t = y + 22. Calculate the highest common factor of 1 and t.
1
Let z(t) = -t**2 - 31*t - 26. Let u be z(-28). Calculate the highest common factor of 522 and u.
58
Let n be 6 + 2/(2/(-3)). Suppose n*k = 4*k + 28. Let v be (-399)/k*16/6. What is the highest common factor of v and 19?
19
Suppose 5*s - 20 = 0, -5*d - 4 = 2*s - 127. Let j = -379 - -425. What is the greatest common divisor of j and d?
23
Let f be (1098/8)/(-5 - (-533)/104). What is the greatest common factor of 9 and f?
9
Suppose -2*j + 3*j + 3*t = 81, 4*j - 285 = t. Suppose -64 = 10*d - 144. Calculate the highest common divisor of j and d.
8
Suppose -g = -0 - 4. Let l(f) = 6*f**2 + f + 12. Let k be l(g). Calculate the highest common divisor of k and 16.
16
Let y = 14 + -6. Let z be 3/(-12) + (2 - 247/4). Let l = -20 - z. Calculate the highest common factor of l and y.
8
Suppose 656 = -29*p + 5528. Let g = 52 + -28. Calculate the greatest common divisor of g and p.
24
Suppose -10 = 5*z, o - 5*z - 19 = -2*o. Suppose o*r = u + 162, 2*r - u - 108 = u. Calculate the highest common divisor of 18 and r.
18
Let p be (-26)/(-3)*32040/80